 1 = -f. Let k = 11 + h. Suppose -k*s = -s - 32. What is the units digit of s?
8
Suppose 4*i - 7*i - 3*u + 114 = 0, -240 = -5*i + 5*u. What is the tens digit of i?
4
Let v = 20 + 8. Suppose -6*n = -2*n - v. What is the units digit of n?
7
Suppose -4*j - 4*g = -g - 471, 3*g + 9 = 0. What is the hundreds digit of j?
1
Let w(v) be the third derivative of -v**7/5040 - v**6/360 + v**5/60 + 2*v**2. Let z(c) be the third derivative of w(c). What is the units digit of z(-9)?
7
Let u(j) = -10*j - 5. Suppose -2*b - 5 - 1 = 0. What is the tens digit of u(b)?
2
Suppose 5*t = 4*t + 4*j + 18, j = 2*t - 15. Let g(l) = 0*l - t*l + 3*l. What is the units digit of g(-5)?
5
Suppose 3*r = 8*r - 150. What is the units digit of r?
0
Let v(n) = n**3 - n**2 - 3*n + 3. Let f be 0 - -3*2/(-6). Let t be (3 + f)*(0 - -1). What is the units digit of v(t)?
1
Suppose k + 78 = 2*n - k, 5*n = -k + 171. Let g = n - 21. What is the tens digit of g?
1
Let t be ((1 - 1) + -2)*1. Let b be (-36)/8 - 1/t. Let r(l) = l**2 + 2*l - 3. What is the units digit of r(b)?
5
Suppose -5*u + 177 = 37. What is the units digit of u?
8
Let s = 83 - 56. Suppose -3*u + 17 = j + 2*u, s = 2*j + 3*u. What is the units digit of j?
2
Let d(k) = 3*k - 3*k + 3 - k. Let r = 13 + -19. What is the units digit of d(r)?
9
Let s(p) = 19*p**2 + 4*p + 5. Let f be s(4). Suppose -5*y - 90 = -f. Let b = -34 + y. What is the units digit of b?
3
Let k(t) = -73*t - 10. What is the units digit of k(-1)?
3
Let h(z) = -2*z - 1. What is the units digit of h(-1)?
1
Let v(z) = z**2 + 2*z - 3. Let p be v(-4). Let m be 2/1 + p + -2. Suppose u - t - 3 = 0, m + 10 = u + 2*t. What is the units digit of u?
7
Suppose w = -4*f - 13 - 1, f + 2*w = 0. Let u(y) = 2*y**2 + 4*y - 2. What is the tens digit of u(f)?
1
Let w be (-1)/(-3) - (-21)/(-9). What is the units digit of (9/w)/((-6)/8)?
6
Let r(u) = -31*u + 6. Let d(w) = -6*w + 1. Let b(l) = -11*d(l) + 2*r(l). Let x(a) = -a. Let p(i) = 4*b(i) + 14*x(i). What is the units digit of p(6)?
6
Suppose -3*d - 925 = -5*a, 6*a = 2*a + 2*d + 738. What is the tens digit of a?
8
Suppose -2*a - 16 + 36 = -4*x, 5*a - 22 = 3*x. Suppose n - a = 1. What is the units digit of n?
3
Let i(z) = 4*z**3 + z**2. Let j be i(-1). What is the units digit of 21 - (-3 + 4 + j)?
3
Let l(b) be the third derivative of 0 + 1/12*b**4 - 17/6*b**3 + 0*b + 4*b**2. What is the units digit of l(12)?
7
Let k be -12 - -4 - (0 + 1). What is the tens digit of 2 - (-1 + 1 + k)?
1
Let l(k) = -12*k**3 - 2*k**2 + k - 1. Let b be l(-2). Suppose 0 = 11*f - 6*f - b. What is the tens digit of f?
1
Let i = -126 + 179. What is the tens digit of i?
5
Let d(q) = -q**3 - 7*q**2 + 9*q + 19. What is the tens digit of d(-8)?
1
Let j(z) = z**3 - 5*z**2 + z + 3. Let o be j(5). Let u(k) = -1 + 0 + k - 6. What is the units digit of u(o)?
1
Let s(f) = 13*f - 1. Let g be s(1). Suppose -x = -4*x + g. What is the units digit of x?
4
Let t be (-7 + 4)/(6/(-40)). Suppose -28 = -3*h + t. What is the units digit of h?
6
Suppose l = -4*j + 265, -4*j - 9 + 1 = 0. What is the tens digit of l?
7
Let s = -3 - -8. Let h = s - 1. Suppose -l = h*l - 35. What is the units digit of l?
7
Suppose -15 = 4*q + q, -b - 2*q = -9. Suppose -31 = -p - 5*v, -3*v = p - b - 6. What is the units digit of 5 + 3*4/p?
7
Suppose -w = 6 - 20. Let d = w - 2. What is the units digit of d?
2
Let c = 8 - -3. Let l(x) = -3*x + 4. Let s be l(3). Let h = s + c. What is the units digit of h?
6
Suppose 15*a = 20*a - 1630. What is the tens digit of a?
2
Let c(b) = b**3 + 5*b**2 + 5*b + 3. Let o be c(-3). Suppose -3*d + o*d = 24. What is the units digit of d?
8
What is the units digit of 116 + (-2)/((-4)/(-2))?
5
What is the units digit of (-4 - -6)*(-41)/(-2)?
1
Let c = -33 - -20. Let n(g) = -5*g**3 - 2*g + 1. Let k be n(1). Let y = k - c. What is the units digit of y?
7
Let d(m) be the second derivative of m**5/6 + m**4/24 + m**3/6 + 3*m**2/2 + 3*m. Let q(h) be the first derivative of d(h). What is the tens digit of q(-1)?
1
Let s be (-11)/((-2 + 4)/(-4)). What is the tens digit of (7/(-14))/((-1)/s)?
1
Suppose 10 = b + 4*h, 5*b - 5*h + 4*h = 50. Suppose -4*g + g + 12 = -p, b = 2*g. Suppose -5*m + 0*f + 25 = -3*f, -15 = -p*m - 5*f. What is the units digit of m?
5
Suppose -2*v - 30 = -5*v. Let y = -14 - -18. Suppose 0 = 4*p + y, -4*n - 2*p + 12 = -v. What is the units digit of n?
6
Let r = 250 - 149. Suppose g + 1 = -5*t + r, 3*t + 3*g = 72. What is the tens digit of t?
1
Suppose 2*v + 4 = 36. Let x = 24 - v. What is the units digit of x?
8
Let i = 29 + -4. Let b = i - 16. What is the units digit of b?
9
Let g be 214/((0 + 2)/1). Suppose g - 23 = 3*u. What is the units digit of u?
8
What is the tens digit of (-90)/(-12)*(-16)/(-10)?
1
Let n(a) = 2*a - 5. Let s be n(4). Let v(w) = -w**2 + 10*w - 1. Let f be v(9). Suppose 1 = -h - 2*t - 3, f = 5*h + s*t. What is the units digit of h?
4
Let f = 0 + 3. Suppose 53 - 17 = f*w. What is the units digit of w?
2
Let t(i) = 4 - i - 1 - 5. Let x be t(4). Let c = 5 - x. What is the units digit of c?
1
Suppose 5*c - 282 = 368. What is the tens digit of c?
3
Suppose 5*g + 5*i = 190, 3*g - i - 116 = 6. Suppose -3*h = h - g. What is the units digit of h?
0
Suppose 3*j - 27 = 51. What is the tens digit of j?
2
Let k = -21 - -31. What is the tens digit of k?
1
Let h(n) = n**3 - 5*n**2 + 5*n - 3. Let y be h(4). Let x(z) = z**3 + 9*z**2 + 13*z - 8. Let o be x(-7). What is the units digit of -5*o/1 - y?
4
Let w = 11 + -16. Let m(c) = 7*c + 7. Let f(j) = -8*j - 7. Let o(r) = -3*f(r) - 4*m(r). What is the tens digit of o(w)?
1
Let r(o) = o**3 + 5*o**2 - 7*o. Let k be r(-6). Suppose -3*u + 0 + k = 0. Suppose -7 = -u*t + 1. What is the units digit of t?
4
Let u(z) = -2*z + 0*z**2 + z + 3*z**2 + 3*z. What is the units digit of u(-2)?
8
Let p = -6 + 11. Suppose 3*n = -5*t + 54, n + 4*t = 2 + 16. Suppose -7 = -p*a + n. What is the units digit of a?
5
What is the units digit of (-13)/1*(-8 - -5)?
9
What is the units digit of 5/2*(8 - 6)?
5
Let l(x) = x**3 - x**2 - 4*x + 5. Let u(a) = a**3 - a**2 - 5*a + 6. Let t(y) = 4*l(y) - 3*u(y). What is the units digit of t(2)?
4
Suppose 3*j - 5*j + 110 = 0. Let v = 32 - j. Let i = v + 33. What is the tens digit of i?
1
Suppose 0 = -a + 2*q - 69, 4*a + a = 4*q - 363. Let j = -47 - a. Suppose j = p + p. What is the units digit of p?
4
Suppose 2 = -2*t - 2*r, 1 - 6 = -5*r. Let l = 17 - t. What is the tens digit of l?
1
Let n = 6 + -3. Suppose 4*t - n*f + 5*f = 30, 4*t - 27 = -3*f. What is the units digit of t?
9
What is the units digit of (18/(-4))/((-11)/66)?
7
What is the units digit of (-151)/(-17) - (-8)/68?
9
Suppose 5*p - 4*o - 70 = o, -p = 2*o - 17. What is the units digit of p?
5
Let a(b) be the second derivative of -b**5/10 - b**3/6 - b**2/2 - 25*b. Suppose -4 = 2*j - 0. What is the units digit of a(j)?
7
Let c(b) = 0*b - 4*b + 1 + 6 + 0 + b**2. What is the tens digit of c(5)?
1
Let s(x) = -x**2 + 5*x + 3. Let h be s(6). Let z be (8/10)/((-5)/(-1 + -49)). Let c = z + h. What is the units digit of c?
5
Let f = 116 + -34. What is the units digit of f?
2
Let s be 5*1/(-4)*-4. Suppose 4*a - 2*a = -4*k + 34, -3*a = -s*k + 59. What is the tens digit of k?
1
Let t be (15/(-4))/(2/(-8)). What is the units digit of t + (-4 - (-5 + 2))?
4
Let b(g) = g + 1. Let m be b(4). Suppose m*w - 7 = 13. What is the units digit of w?
4
Let l = 4 + -1. Suppose -4*o - l*y + 47 + 4 = 0, -2*o + 3*y = -3. What is the units digit of o?
9
Let c(g) = 2*g**2 - 7*g - 2. What is the hundreds digit of c(-7)?
1
Let u(w) = 7*w**2 - 17*w + 4. Let l(a) = -15*a**2 + 35*a - 8. Let m(t) = -6*l(t) - 13*u(t). What is the tens digit of m(7)?
2
Suppose 4*f + 143 = 715. What is the tens digit of f?
4
Let l = 3 - -1. Suppose 5*a - 3 + 10 = -4*q, q - l*a = 14. What is the units digit of q?
2
Let m be ((-3)/9)/((-1)/3). Let t = 11 - m. What is the units digit of t?
0
Let w be 16/4 - (0 + 0). What is the tens digit of 44 - w/(3/3)?
4
Suppose 0 = -p - 8 + 20. Let b(s) be the third derivative of s**5/60 - 11*s**4/24 + 5*s**3/6 - s**2. What is the units digit of b(p)?
7
Let j(z) = z + 1 + 1 - 7. Let u be j(5). What is the units digit of u/(-1) + (0 - -1)?
1
Suppose -52 = 19*a - 20*a. What is the tens digit of a?
5
Let j = 1 - 1. Suppose 2*o - 3*c = 14, -3*o - 5*c = -2 - j